rime factors of n(1).
2, 7
Suppose 0 = -3*k + 89 + 163. What are the prime factors of k?
2, 3, 7
Let p be ((-495)/(-30))/(2/4). What are the prime factors of p - (-4 + 4 + 4)?
29
Let l(o) = -o**3 + o**2 + o - 15. Let f be l(0). Let k = 5 + f. What are the prime factors of 8/20 - 16/k?
2
Let a be (1*4)/(-1 + 0). Let s = -2 - a. What are the prime factors of s?
2
Let u be -1*(0 + 2) + 11. Suppose -2*y + 3 = w - 4*y, u = 3*w - y. List the prime factors of w.
3
Let k(j) = 3*j + 3. List the prime factors of k(5).
2, 3
Suppose -119 = -4*m + 137. What are the prime factors of m?
2
Suppose -472 = -5*v - 77. What are the prime factors of v?
79
Let a be -18 - (2 - 4/1). List the prime factors of a/4*(-18)/8.
3
Suppose 0 = t - 3*i - 57, 4*t - t - 2*i = 164. Suppose 4*p = 2*o + 44, 3*p = -p - 3*o + t. List the prime factors of p.
2, 3
Suppose -4*q = -6*q + 30. Suppose 3*i = -0*i + q. Suppose -u + 3*k - 53 = -i*u, -k - 41 = -4*u. What are the prime factors of u?
11
Let t(z) = z**2 + 7*z - 8. Let n be t(-8). Suppose 4*y = -n*y + 12. What are the prime factors of y?
3
Suppose -1 + 10 = 3*k, 3*j = 5*k - 6. Suppose 0 = 4*a + 8, -4*a - 1 = -j*c + 55. What are the prime factors of c?
2
Let p(y) = y**2 - y - 1. Let t(l) = l**3 + l**2 - 8*l. Let b(c) = -3*p(c) + t(c). List the prime factors of b(4).
3, 5
Let g = 93 - 74. Suppose -24 = 3*k - 0*k. Let j = k + g. What are the prime factors of j?
11
Let c be (-123)/12 - 3/(-12). Let p = -7 - c. List the prime factors of p.
3
Let p be (0 + -1 - -3) + 0. Let s(v) = -v**3 - v**2 + v + 1. Let k(t) = 3*t**3 + t**2 - 2*t - 1. Let u(l) = k(l) + 2*s(l). What are the prime factors of u(p)?
5
Let r(j) = 3*j**3 + 3*j**2 - j + 6. List the prime factors of r(3).
3, 37
Suppose 792 = -0*y + 9*y. List the prime factors of y.
2, 11
Let i be (2/(-3))/((-12)/18). Suppose -i = -w + 31. List the prime factors of w.
2
What are the prime factors of 66 - (-3 - 5/(-1))?
2
Let z = -17 + 44. Let i = z - 11. List the prime factors of i.
2
Suppose 2*d - 4 = -0, 3*v - 4*d - 43 = 0. List the prime factors of v.
17
Let s = 24 + 185. List the prime factors of s.
11, 19
Suppose -w + 300 = 4*w - 3*r, 0 = r + 5. List the prime factors of w.
3, 19
Suppose 2*p = -p + 9. Suppose -26 = -p*z + z. List the prime factors of z.
13
Let b(d) be the second derivative of -d**5/20 - d**4/3 + 2*d**3/3 - 4*d**2 - 3*d. Let m be b(-6). Suppose 0 = 4*u - m - 16. List the prime factors of u.
2, 7
List the prime factors of ((-10)/(-35) + (-1797)/(-7))/1.
257
Let o = 30 - 57. Let i = 62 + o. Let h = -21 + i. List the prime factors of h.
2, 7
Suppose -4*q - 3 = 4*p + 5, 5*p + 3*q + 14 = 0. Suppose 3*m + 3*g = 30, -4*g + 2 = -m - 2*g. Let w = m - p. What are the prime factors of w?
2, 5
Suppose 0 = -0*j - 2*j + 72. Suppose 0 = 5*i - 121 + j. Suppose -i = -d + 4*r, -r = -0*d - 2*d + 13. List the prime factors of d.
5
Suppose 5*r - 37 = 43. List the prime factors of r.
2
Let u(r) = 4*r**2 + 1. Let b be u(1). Suppose 5*a = -h + 4*h + 106, 0 = 2*a + b*h - 61. List the prime factors of a.
23
Suppose 0 = -5*j + 5*u + 5, 2*u = 5*j + 4 - 12. Let v be j/4*-10*-2. Let p = v - -8. What are the prime factors of p?
2, 3
Let y(s) be the second derivative of -s**3/3 + s. Let r be y(-1). List the prime factors of r/(-5) + (-104)/(-10).
2, 5
Let z(u) = -u**3 + 8*u**2 + 12*u - 4. List the prime factors of z(8).
2, 23
Let a be (-32)/(-12) - 2/3. Suppose -5 - 13 = -a*r. List the prime factors of r/2*(0 + 2).
3
Suppose -5*p + 22 = -i, 2*i + 5*p = -i + 34. Suppose -3*b - 1 = -5*h - 17, 2*b - 2*h = 8. Suppose -b*j = -j - i. What are the prime factors of j?
3
Let x = 5 + 1. List the prime factors of x.
2, 3
Let n = 40 - -17. List the prime factors of n.
3, 19
Suppose -3*t - 2*i = 11, -i + 0 = 4. Let z = t + 1. Suppose -3 = -z*w - w. What are the prime factors of w?
3
Let y(p) = -12*p**2 + p + 15*p**2 + 12*p**2. Let k be y(-1). Suppose -5*b + k = -11. List the prime factors of b.
5
Let r(b) = 4*b**2 - 8*b + 4. List the prime factors of r(7).
2, 3
Suppose -5*n + 106 = -14. List the prime factors of (n/(-10))/((-3)/15).
2, 3
List the prime factors of (-339)/2*((-11)/3 + 3).
113
Suppose 2*q = -5*v + 8 + 4, -5*q - 4 = 4*v. What are the prime factors of 113/v - 6/(-8)?
29
Suppose -3*p + 12 - 30 = 0. Let f(j) = -j**2 - 5*j + 1. Let a be f(p). Let h = 8 + a. What are the prime factors of h?
3
Suppose -m - 35 = 5*h - 0*m, 3*h - 2 = 4*m. Let r be (-708)/(-8)*h/(-9). Suppose 4*p + 65 = 4*d - p, -4*d - p + r = 0. What are the prime factors of d?
3, 5
List the prime factors of 130/(-39)*(122/(-4) + 2).
5, 19
Suppose 0*d + 2*d + 22 = 0. Let v = -9 - d. Let w = 3 + v. List the prime factors of w.
5
Let s(a) = a**3 - 4*a**2 - 10*a + 12. List the prime factors of s(6).
2, 3
Suppose -4*o = 5*i - 11, 4*o = -0 - 4. List the prime factors of (-2)/i + 52/6.
2
Let z(w) = w**3 - 3*w**2 - 5*w + 5. Let b be z(4). What are the prime factors of 11*((-6)/(-2) - b)?
2, 11
Let g = 1 + -1. Let x(y) = -y. Let q be x(g). Let b(f) = -f**3 + f**2 + 3. List the prime factors of b(q).
3
Let p(z) = -z**2 + 3*z - 2. Let a be p(2). Let x be (-1)/(2 - (1 + a)). Let t = 3 + x. What are the prime factors of t?
2
Let n be ((-2)/3)/((-1)/(-9)). Let i = -11 - n. Let l = i - -14. List the prime factors of l.
3
Let j(p) = -p**2 + 7*p - 7. Let m be j(5). Suppose 2*c - 2*r + 18 = 3*r, 0 = m*r. What are the prime factors of 31/3 + (-6)/c?
11
List the prime factors of (-12)/42 + (-494)/(-14).
5, 7
Let g(r) = 1. Let j(i) = -i - 10. Let x(w) = 3*g(w) - j(w). Let y be x(-10). Let f = 5 + y. What are the prime factors of f?
2
Let s(p) = -p**2 + p. Let m be ((-5)/3 + 1)*-6. Let t(x) = -3*x**2 + 11*x + 4. Let i(h) = m*s(h) - t(h). What are the prime factors of i(-4)?
2
Suppose 38 = 2*q - 3*f + 122, 56 = -q + 5*f. List the prime factors of q/(-15) - (-4)/(-10).
2
Let b(j) be the second derivative of -j**5/10 + j**4/12 + j**3/3 + j**2/2 - j. What are the prime factors of b(-1)?
2
Let c(w) = -w**2 - w + 21. Let d be c(0). Let b = d - 13. What are the prime factors of b?
2
Suppose 0 = 2*x - 101 - 9. List the prime factors of x.
5, 11
What are the prime factors of 157/6 + (-3)/18?
2, 13
Let n = 83 + -3. What are the prime factors of n?
2, 5
What are the prime factors of 260/2 + -1 + 1?
2, 5, 13
Let m be 3/(-12) + (-21)/(-4). Suppose 14 = m*p - 6. Suppose p*g = 27 + 13. List the prime factors of g.
2, 5
Suppose 3*k - o - 4*o - 32 = 0, 3*o + 20 = 2*k. Let n be (-39)/(-15) - k/(-10). Suppose n*j - 28 = -5*q, 12 = j - 3*q + 2*q. List the prime factors of j.
11
What are the prime factors of ((-2)/(-4))/((-2)/(-148))?
37
Suppose -3*u + 6 = -u. Let v(s) = -s**3 + 4*s**2 - s. What are the prime factors of v(u)?
2, 3
Let z = 35 + -25. What are the prime factors of z?
2, 5
Let r = -40 + 57. Let x = r + -1. What are the prime factors of x?
2
Let d = -12 + 17. Suppose 8 = d*g - 5*o - 2, 4*g - 3*o - 9 = 0. Suppose 0 = -5*a + s + 89, -33 = -a + g*s + s. List the prime factors of a.
17
Let u(m) = m**2 - 16*m - 4. Let q be u(9). Let n = q + 112. Suppose -4*g = p - 0*g - 9, -5*p + 5*g + n = 0. What are the prime factors of p?
3
Suppose o + 0 - 19 = 4*u, 0 = -o + u + 7. List the prime factors of 3 + (9 - (o + -3)).
2, 3
Let b be -2 - -7 - (4 + -6). Let y(g) = -g**3 - 5*g**2 + g + 4. Let h be y(-5). Let s = b + h. What are the prime factors of s?
2, 3
Let t be 2/((-4)/2 + 4). Suppose -a + t = -12. List the prime factors of a.
13
Let a be ((-2)/4)/(3/(-78)). Let v = a - 5. Suppose 0 = 2*n - 3*n + v. List the prime factors of n.
2
Let b(z) = 3*z**2 + 3*z + 2. Let k be b(-1). Suppose 2*w - 8 - 38 = -k*l, -2*w = -2*l - 34. What are the prime factors of w?
2, 5
Let k(u) = -u**3 + 5*u**2 + 5*u + 7. Let l be k(6). List the prime factors of 14 - (l - (5 - 2)).
2
Let c = 36 + -16. List the prime factors of c.
2, 5
Let j = -16 - -19. Suppose 7*h - 2*h - w = 10, -2*w + 19 = j*h. List the prime factors of h.
3
Suppose 0*z - 2*z = -4. Suppose -5*t - 30 + 5 = 0, i + 2*t + z = 0. List the prime factors of i.
2
Let c(j) = -j**2 + 9*j - 1. Let g be c(9). Let z = g + 5. List the prime factors of z.
2
Let j(r) = r**3 + 8*r**2 + 7*r + 10. What are the prime factors of j(-7)?
2, 5
Suppose -615 + 175 = -5*k. What are the prime factors of k?
2, 11
Let f be -6 + 5 - 9/(-3). Let a(c) = c**3 - 4*c**2 